 292 = 0, -y + 6*y = -v + 719. Suppose 0 = 6*k + 6*k - y. Suppose k*h = 2*h + 600. What is the greatest common divisor of h and 36?
12
Let n(s) = s + 82. Let j(y) = y**2 + 13*y - 39. Let t be j(-16). Let v be n(t). Calculate the greatest common factor of 13 and v.
13
Let w be 3/(-3)*3/((-9)/420). Let j = -98 + w. Suppose 0*d + 3*d - 630 = 0. What is the highest common factor of d and j?
42
Let u(m) = -2532*m - 7424. Let g be u(-10). What is the highest common divisor of 16 and g?
8
Let n(o) = -4*o - 10. Let l be n(-7). Let x = 50 - 52. Let i be 72*(x + (12/2 - 3)). What is the greatest common divisor of l and i?
18
Let r be 36/(18/3) - 4. Suppose 0 = r*l - l - 45. What is the greatest common factor of l and 18?
9
Let a(v) = 19*v - 1. Let q be a(-5). Let k(f) = f**2 - 7*f + 106. Let s be k(0). Let j = q + s. What is the highest common factor of 30 and j?
10
Let y = 41 - 30. Suppose 1 = 4*k - y. Suppose 0*p = -p + k. Calculate the greatest common divisor of p and 1.
1
Suppose 14*q = 144*q - 7540. What is the greatest common divisor of 1189 and q?
29
Suppose -40 = -18*a + 16*a. Let g(c) = 3*c**2 + 8*c - 17. Let q be g(-7). Suppose -3*l = -q + 14. Calculate the greatest common divisor of l and a.
20
Suppose -4*d + 285 = -3*z, 6*z - 2*z - 20 = 0. Suppose -85 + d = -y. Suppose 8*f + 192 = y*f. Calculate the highest common factor of 12 and f.
12
Suppose 2*l - 14 = 4*f - 0*l, -3*f - 21 = -5*l. Let z be -4*f/8 - -15. Let u = -9468 - -9492. Calculate the greatest common divisor of u and z.
8
Let o = 85 + -115. Let h = o - -66. What is the greatest common factor of h and 12?
12
Suppose -138*n + 69*n + 842904 = -23*n. What is the highest common divisor of 72 and n?
36
Suppose i - 6 = -0. Suppose -i*j = -791 - 73. Let a = -60 + j. Calculate the highest common divisor of 12 and a.
12
Suppose 83 = 5*p - 7. Let s be (-2771)/(-153) + (-2)/p. Calculate the greatest common divisor of s and 153.
9
Suppose -5*j - 4 = 3*k, 9*k = 4*k - 5*j. Suppose 4*p = -m + 97, 4*p = 2*p + k*m + 56. Calculate the highest common divisor of 25 and p.
25
Suppose 7*s - 1747 = -5*v + 5*s, -2*v + 706 = -s. Let i be 4/32*8 + v. Calculate the greatest common factor of 64 and i.
32
Let a = 4919 - 4685. Calculate the highest common factor of 2418 and a.
78
Suppose 14*w = -13*w + 30 + 294. Calculate the greatest common factor of 906 and w.
6
Let u = -19 + 21. Suppose 8 + 14 = u*s. Let x be 3/((-90)/33 + 3). What is the highest common factor of s and x?
11
Let c(j) = -10*j**2 - 95*j - 20. Let w be c(-9). Let u be (-25)/w - (0 - 625). Calculate the highest common factor of u and 48.
48
Suppose 0 = 4*i - 3*o - 1370, -2*i + 34 + 652 = -o. Let b be 5 - 4 - (-21)/3. What is the highest common factor of b and i?
8
Suppose -4*v + 53 = 4*g + 17, 0 = -3*v - 2*g + 32. Calculate the greatest common factor of 959 and v.
7
Let t = 4920 - 4748. What is the highest common divisor of 8084 and t?
172
Let r(a) = -65*a + 5577. Let n be r(84). Calculate the highest common divisor of 36 and n.
9
Suppose 4*z - 65 = 5*z. Let b = z + 14. Let m = b - -61. Calculate the greatest common factor of m and 25.
5
Suppose 0 = -5*g - 3*r + 12637, 288*r - 286*r = -2. What is the greatest common divisor of 32 and g?
32
Let p = -2418 - -3487. Suppose 0 = 4*b + p - 1137. What is the greatest common factor of b and 136?
17
Suppose 3*m - 28725 = 40*o - 43*o, -3*o = 5*m - 28729. Calculate the greatest common divisor of o and 6.
3
Let k = 228 + -128. Suppose 21*c = 17*c + k. Suppose 4*v = -4*x + 52, 5*x - c = 3*v - 4*v. Calculate the greatest common factor of 70 and v.
10
Let s be 54*15/90 + 0. What is the highest common divisor of 2151 and s?
9
Suppose 5*o + 3*c - 90 = 0, 0 = 3*o - 0*o + c - 54. Let k be (-2)/(-5)*(7 + o). Suppose -70*q - 2*q + 360 = 0. Calculate the greatest common factor of k and q.
5
Let n(z) be the third derivative of z**4/12 - 2*z**3/3 + 16*z**2. Let g be n(7). Calculate the greatest common factor of g and 14.
2
Let n = -6154 - -8017. Calculate the greatest common divisor of 18 and n.
9
Let v(d) = 8*d + 9. Let j be v(1). Let r be 6*(-7 - (-55)/9)*-51. Calculate the highest common factor of r and j.
17
Let g be (292/3)/(24/36). Let l = g - 144. Calculate the highest common factor of 130 and l.
2
Suppose -3*l + g + 221 = -0*l, l - 70 = 4*g. Let y = l + -74. Suppose c - 5*c + 12 = y. What is the highest common divisor of c and 30?
3
Let p be ((-6)/5)/(28/(-300510)) + -1. What is the highest common divisor of p and 188?
94
Let l = 76 - 81. Let s(g) = 9*g + 49. Let a be s(l). Suppose q - 135 = -5*m - 51, -16 = -2*m + 4*q. What is the highest common divisor of a and m?
4
Suppose 21603*g + 126 = 21604*g. What is the highest common factor of 6678 and g?
126
Suppose -13*c = -42*c + 116. Suppose -4*i - 505 - 1827 = -c*f, 4*i - 608 = -f. Calculate the highest common divisor of f and 12.
12
Let k(i) = 3*i**2 + 10*i + 61 + 5*i**2 - i**3 - 65. Let g be k(9). Let u(t) = 2*t**2 - t - 23. Let y be u(-6). What is the greatest common divisor of g and y?
5
Let g be (1 - (-28)/(-3))/(183/(-8784)). What is the highest common divisor of 1840 and g?
80
Suppose 4*g + 5*i + 168 = i, -3*g - 4*i - 128 = 0. Let r be (-5)/g*4*14 + 3. Let j = 41 - 31. Calculate the highest common divisor of r and j.
10
Let t(b) = -3*b**3 + 41*b**2 + 20*b + 4. Let w be t(13). Suppose -2*y - 1222 = -4*l, 0*l = 2*l + 2*y - w. Calculate the greatest common factor of l and 48.
16
Let i = 679 - 677. Let w = 26 + i. Calculate the highest common factor of w and 266.
14
Let c be -1*(-4 + 3)*2. Suppose a = -4, 3*u - 6*a + 10*a = 8. Suppose u*v - 90 = c*v. What is the highest common divisor of v and 135?
15
Let v be (-51912)/5047*(-3 + 2 + -167). Calculate the highest common divisor of 972 and v.
108
Suppose 94 = -3*l + 127. Let f(s) = 17*s - 19. Let z be f(l). Calculate the highest common divisor of z and 42.
42
Suppose -315*u = -4*d - 314*u + 11661, d + 2*u - 2913 = 0. Calculate the greatest common divisor of 424 and d.
53
Suppose -335 = -2*i + 5*r, -105*i + 788 = -100*i + 4*r. Calculate the highest common divisor of 64 and i.
32
Let d = -6581 - -6611. Calculate the highest common factor of d and 1848.
6
Let k(o) = -4*o**2 + 12*o**2 + 8 - 49 - 9*o**2 - 15*o. Let p be k(-9). Calculate the highest common divisor of 1 and p.
1
Suppose 3*t = 3*z + 15, 3*z + t + 21 - 2 = 0. Let v be -3 + 87/1 + z. What is the greatest common divisor of 39 and v?
39
Suppose 5*a - 65 = -3*i, 0*i - 5*i + 63 = -3*a. What is the greatest common divisor of 735 and i?
15
Let h be (-84)/(12/64*-4). Suppose -a + 2*g = a - 84, 5*a + g = 210. What is the highest common divisor of a and h?
14
Let x(q) = 11*q**2 - 5*q + 4. Let m be x(-2). Let c = -661 + 663. What is the highest common factor of m and c?
2
Suppose -25*o - 65 = -38*o. Suppose o*l - x = 27 + 33, 0 = 4*l - x - 49. What is the highest common divisor of l and 528?
11
Let a(b) = -b**2 - 17*b - 23. Let t be a(-13). Let q be ((-2)/4)/(t/(-2552)). Suppose -d + 29 + 4 = 0. What is the highest common factor of q and d?
11
Suppose -180 = 5*t - 5*s, s = 3*s. Let m = 63 + t. Suppose -5*y + m = 4*g, -y + 0*y - 5 = 0. Calculate the greatest common divisor of g and 104.
13
Suppose -3*r - 5*f + 15 = 0, -2*r + 4*f + 0 = 12. Suppose 3*b - 1403 - 178 = r. What is the highest common factor of 31 and b?
31
Let d = 2631 - 1975. What is the greatest common factor of d and 80?
16
Let g = 424 + -289. Let i be 2/4*(-990)/(-33). What is the greatest common factor of g and i?
15
Suppose 30 = -847*g + 857*g. Suppose -3*a + 1539 = -4*k + 547, -5*a - g*k = -1692. Calculate the highest common factor of a and 105.
21
Let d = 351 + 105. Suppose -7*x + 174 = q, 5*x = 713*q - 710*q + 102. What is the highest common factor of d and x?
24
Let t = 11621 - 11411. Calculate the highest common divisor of t and 250.
10
Let t(k) = k**2 - 3*k + 9. Let r be t(7). Suppose 18*q = 235 + 431. Calculate the highest common divisor of r and q.
37
Suppose w = 6 - 11. Let k(b) = 7*b - 10. Let o be k(w). Let s be (o/10)/((-1)/6). Calculate the highest common divisor of 27 and s.
27
Let v(q) = q. Let h(b) = 2*b - 3 - 3 + 20 + 6. Let i be h(-8). Let w be v(i). What is the highest common divisor of w and 32?
4
Suppose 43*g - 19127 = -4980. What is the greatest common factor of g and 3760?
4